*m**2 - 51*m + 17. Give v(-16).
65
Let w(p) = -3*p**2 - 11*p - 116. Give w(-7).
-186
Let z(y) = -149*y + 272. Determine z(2).
-26
Let m(c) = 112*c**2 - 121*c + 242. What is m(2)?
448
Let x(v) = 81*v + 49. Determine x(-1).
-32
Let o(w) = 176*w - 2632. Calculate o(15).
8
Let c(o) = -2*o**3 - 3*o**2 + 205*o - 47. Give c(-11).
-3
Let y(b) = b**3 + 105*b**2 - 260*b - 4912. Calculate y(-107).
10
Let f(j) = 3*j**3 - j**2 - 4*j + 6. What is f(2)?
18
Let g(r) = -r**2 + 6*r + 88. Give g(16).
-72
Let r(z) = 18*z**2 - 429*z - 64. What is r(24)?
8
Let o(b) = -2*b**3 - 3*b**2 + 11*b + 14. What is o(-4)?
50
Let v(d) = 2*d**3 + 5*d**2 + 7*d - 14. Calculate v(4).
222
Let l(c) = c**3 + 46*c**2 + 50*c - 1675. Give l(-44).
-3
Let r(j) = 7*j**2 - 225*j + 224. What is r(1)?
6
Let z(k) = -k**2 - 20*k + 225. Determine z(8).
1
Let j(p) = 4*p**2 + 942*p + 2832. Calculate j(-3).
42
Let j(a) = a**3 + 6*a**2 - 67*a + 9. What is j(8)?
369
Let u(n) = -5*n**2 - 425*n - 5535. Calculate u(-69).
-15
Let n(m) = m**3 - 14*m**2 + 2*m - 3. Calculate n(0).
-3
Let p(k) = 242*k - 1220. Give p(5).
-10
Let k(c) = -6*c**2 + c + 390. Calculate k(0).
390
Let c(o) = 73*o**2 + 11*o - 12. Calculate c(1).
72
Let z(y) = -y**2 + 11*y + 72. What is z(-5)?
-8
Let m(s) = -8*s + 1. What is m(10)?
-79
Let u(c) = 1200*c + 3691. Calculate u(-3).
91
Let h(d) = d**3 + 24*d**2 - 23*d + 747. Give h(-26).
-7
Let z(q) = q**3 - 10*q**2 + 7*q - 10. What is z(9)?
-28
Let j(f) = 54*f**2 - 47*f + 1. What is j(2)?
123
Let g(k) = 48*k - 824. What is g(19)?
88
Let u(x) = 6*x**3 - x**2 - 13*x + 11. Calculate u(1).
3
Let p(q) = -9*q**3 - 4*q**2 - 3*q - 2. Give p(-2).
60
Let l(w) = 77*w**2 - 21*w + 32. Give l(2).
298
Let s(l) = l**3 + 13*l**2 - 5*l - 208. What is s(-12)?
-4
Let j(a) = 192*a - 1005. Determine j(5).
-45
Let n(d) = 821*d + 38540. Determine n(-47).
-47
Let r(k) = -k**3 + 10*k**2 - 8*k + 74. Calculate r(10).
-6
Let v(h) = h**3 + 7*h**2 - 211*h - 1617. What is v(-8)?
7
Let k(r) = 4*r + 36. Determine k(37).
184
Let o(g) = g**3 + 7*g**2 + 2*g + 17. Determine o(-6).
41
Let f(b) = b**2 + 570*b + 5036. Determine f(-9).
-13
Let m(y) = -2*y**2 + 40*y - 65. Determine m(24).
-257
Let q(b) = 1609*b + 22528. Calculate q(-14).
2
Let v(j) = 8*j + 626. What is v(-77)?
10
Let t(r) = 13775*r + 151528. What is t(-11)?
3
Let t(b) = 74*b - 3016. Determine t(39).
-130
Let j(z) = 5*z**2 - 74*z - 38. What is j(12)?
-206
Let a(x) = -x**3 - 12*x**2 - 16*x + 103. What is a(-9)?
4
Let c(k) = k**2 - 51*k + 623. What is c(56)?
903
Let q(j) = -j**3 - 10*j**2 - 29*j + 28. Give q(-12).
664
Let o(z) = 3*z**3 + 213*z**2 - z + 110. Calculate o(-71).
181
Let o(z) = 10*z**2 + 220*z - 50. Give o(-23).
180
Let s(t) = 53*t**3 - 10*t**2 - 23*t - 10. Calculate s(-2).
-428
Let k(v) = v**3 - 7*v**2 - 16*v + 34. Calculate k(8).
-30
Let c(f) = -2*f**3 - 52*f**2 - 317*f + 28. Determine c(-16).
-20
Let i(q) = q**3 + 7*q**2 + 84*q + 613. Calculate i(-7).
25
Let h(x) = 264*x - 11416. Give h(43).
-64
Let d(h) = 285*h - 763. Calculate d(3).
92
Let o(y) = -972*y - 1958. Calculate o(-2).
-14
Let c(h) = h**3 - 87*h**2 - 459*h + 102. Calculate c(92).
194
Let r(j) = -448*j + 5828. Give r(13).
4
Let m(g) = -69*g + 1235. Give m(18).
-7
Let p(c) = -3*c**3 + 6*c**2 + 9*c - 17. What is p(2)?
1
Let y(m) = -m**2 - 10*m + 257. What is y(12)?
-7
Let s(l) = l**2 + 55*l - 223. Calculate s(-59).
13
Let f(m) = -m**2 - 50*m - 53. What is f(-49)?
-4
Let t(r) = -4*r**2 + 88*r + 8. What is t(22)?
8
Let i(k) = -114*k + 784. Determine i(8).
-128
Let d(x) = -19*x**2 + 51*x - 23. Give d(2).
3
Let h(q) = -q**3 + 14*q**2 + 5*q + 153. What is h(16)?
-279
Let j(h) = -2*h**3 + 8*h**2 + 18*h - 45. Determine j(5).
-5
Let g(y) = 2*y**2 - 51*y + 269. Give g(5).
64
Let o(k) = -13*k - 853. Calculate o(-64).
-21
Let r(t) = -373*t - 1859. Determine r(-5).
6
Let g(v) = -8*v - 138. Calculate g(-11).
-50
Let s(q) = -46*q + 2751. Give s(60).
-9
Let m(c) = c**3 + 37*c**2 + 414*c + 1370. Determine m(-19).
2
Let r(h) = -h**3 + 22*h**2 - 87*h - 15. Give r(5).
-25
Let h(k) = -k**2 - 48*k - 534. Give h(-30).
6
Let h(c) = 3*c**2 + 119*c - 671. Calculate h(5).
-1
Let l(i) = i**3 - 55*i**2 + 660*i - 543. Calculate l(38).
-11
Let i(w) = 2*w**2 + 130*w - 1504. Calculate i(-75).
-4
Let u(t) = 114*t + 13. What is u(-2)?
-215
Let n(v) = -303*v - 3232. Give n(-11).
101
Let s(v) = v**3 - 15*v**2 - v - 47. Calculate s(15).
-62
Let f(b) = -b**3 - 10*b**2 + 62*b + 4. Calculate f(4).
28
Let h(m) = -3*m**2 + 45*m - 6. Calculate h(15).
-6
Let n(p) = -55*p - 818. What is n(-14)?
-48
Let b(z) = 623*z + 1266. Determine b(-2).
20
Let n(r) = -r**2 - 1098*r - 14100. Determine n(-13).
5
Let a(d) = -345*d - 451. Give a(0).
-451
Let d(s) = 2*s - 111. Calculate d(-14).
-139
Let t(j) = -553*j**2 - 3317*j - 8. Give t(-6).
-14
Let c(j) = 5*j**2 + 6*j - 25. What is c(-3)?
2
Let v(i) = -5*i**2 - 203*i - 1131. What is v(-6)?
-93
Let w(g) = -30*g + 394. What is w(12)?
34
Let m(k) = 350*k + 975. What is m(-4)?
-425
Let m(b) = -8*b - 159. What is m(18)?
-303
Let b(c) = 4*c**2 + 685*c + 4741. Calculate b(-7).
142
Let h(p) = -4*p**2 + 133*p + 99. What is h(34)?
-3
Let g(z) = -z**2 + 16*z - 17. Determine g(8).
47
Let x(b) = b**3 - 46*b**2 + 227*b + 360. Determine x(40).
-160
Let q(u) = -5*u**3 - 122*u**2 + 506*u + 56. Give q(-28).
0
Let y(t) = 12*t**2 - 82*t + 32. Give y(12).
776
Let n(g) = -26*g + 511. Give n(21).
-35
Let m(q) = -q**3 - 5*q**2 + 62*q - 37. Determine m(-11).
7
Let z(p) = -8*p**2 - 165*p + 250. Give z(-22).
8
Let k(s) = 82*s - 408. Determine k(5).
2
Let w(f) = f**3 + 14*f**2 - 32*f + 32. Determine w(-16).
32
Let i(l) = -118*l + 11. What is i(2)?
-225
Let m(w) = -49*w - 3663. What is m(-76)?
61
Let b(d) = d**3 - 88*d**2 - 12*d + 1062. Give b(88).
6
Let o(v) = 3*v**2 + 261*v + 254. Calculate o(-86).
-4
Let w(g) = 53*g**2 - 4715*g - 179. Give w(89).
-1
Let s(i) = -i**2 + 110*i + 5808. Give s(-39).
-3
Let s(k) = -106*k**3 - 3*k - 2. What is s(-1)?
107
Let s(x) = 2*x**3 + 42*x**2 - 36*x + 145. Determine s(-22).
-31
Let p(x) = 557*x - 1590. Determine p(3).
81
Let c(t) = -16*t**3 + 559*t**2 + 33*t + 85. Give c(35).
15
Let q(c) = -11*c + 1058. What is q(98)?
-20
Let x(c) = 2*c**3 + 53*c**2 + 35*c - 19. Calculate x(-26).
-253
Let i(g) = -106*g**3 + 2437*g**2 + 27*g - 95. Give i(23).
-3
Let t(s) = -s**2 - 41*s - 252. What is t(-32)?
36
Let v(u) = u**3 - 15*u**2 + 29*u - 13. What is v(13)?
26
Let u(b) = -1441*b - 14437. Determine u(-10).
-27
Let q(g) = -10*g**2 - 186*g + 76. Give q(-19).
0
Let m(l) = 2*l**2 + 286*l + 10003. Give m(-82).
-1
Let m(r) = -2*r**3 - 6*r**2 - 277*r - 1149. Determine m(-4).
-9
Let i(q) = 86*q + 316. What is i(-4)?
-28
Let t(d) = -967*d + 8694. Calculate t(9).
-9
Let d(g) = -44*g + 408. What is d(10)?
-32
Let p(o) = -12721*o + 63609. Calculate p(5).
4
Let a(m) = -35*m - 78. Calculate a(-4).
62
Let w(t) = -t**3 + 4*t**2 - 2*t - 5. Give w(2).
-1
Let o(j) = j**2 - 99*j + 895. Give o(13).
-223
Let s(j) = -57*j + 1910. Determine s(36).
-142
Let c(j) = -j**3 + 116*j**2 + 996*j - 656. Give c(124).
-160
Let b(v) = -104*v - 59. What is b(4)?
-475
Let k(p) = 7*p**2 + 10*p + 164. Give k(-8).
532
Let n(m) = -m**2 + 312*m + 6234. Give n(-19).
-55
Let u(a) = 9*a + 16. What is u(1)?
25
Let i(r) = -2*r**3 - 2*r**2 + 8*r - 13. Determine i(3).
-61
Let q(m) = -m**3 - 20*m**2 + 46*m + 42. Determine q(-22).
-2
Let o(y) = 404*y + 15780. Determine o(-39).
24
Let c(o) = -206*o + 138. Calculate c(1).
-68
Let l(b) = 145*b + 38. Calculate l(-1).
-107
Let g(o) = 155*o - 1104. What is g(7)?
-19
Let u(z) = -z**2 + 13*z - 70. Determine u(27).
-448
Let g(z) = 2460*z - 63956. Calculate g(26).
4
Let b(l) = -l**2 + 4*l + 9. Give b(-3).
-12
Let b(a) = -429*a + 8567. Calculate b(20).
-13
Let i(d) = -d**2 - 34*d - 230. Calculate i(-29).
-85
Let o(f) = 8*f + 33. Calculate o(9).
105
Let i(p) = p**2 + 1873*p - 60954. Calculate i(32).
6
Let a(s) = s**3 - 102*s**2 + 301*s - 409. Give a(99).
-13
Let j(a) = 734*a + 2202. What is j(-3)?
0
Let n(u) = 197*u**2 + 3*u - 4. Give n(1).
196
Let k(a) = 2801*a + 36427. Calculate k(-13).
14
Let w(j) = 40*j + 521. What is w(-13)?
1
Let o(j) = 3*j**2 - 37*j + 47. Give o(11).
3
Let c(r) = -5*r**3 + 88*r**2 + 38*r - 38. Calculate c(18).
-2
Let c(v) = 10*v**3 - 40*v**2 + 6*v - 7. What is c(4)?
17
Let h(n) = -139*n - 39